{"id":65,"date":"2022-11-11T10:31:02","date_gmt":"2022-11-11T10:31:02","guid":{"rendered":"https:\/\/langsether-regnskap.no\/?page_id=65"},"modified":"2022-11-11T10:37:08","modified_gmt":"2022-11-11T10:37:08","slug":"personvernerklaering","status":"publish","type":"page","link":"https:\/\/langsether-regnskap.no\/?page_id=65","title":{"rendered":"Personvernerkl\u00e6ring"},"content":{"rendered":"\n<p>Retningslinjer for personvern<\/p>\n\n\n\n<p>Vi har som m\u00e5l \u00e5 behandle personopplysninger med respekt og forsiktighet. For \u00e5 kunne tilpasse informasjon og oppf\u00f8lging individuelt, ber vi om firmanavn og\/eller annen kontaktinformasjon ved foresp\u00f8rsler via dette nettstedet. Personlig informasjon kan brukes for tilpasning av annonser der samtykke har blitt gitt. Cookies kan brukes for markedsf\u00f8ring, enten med eller uten personlig tilpasning. Vi utleverer ikke denne informasjonen til andre, og du kan til enhver tid be om innsyn i hvilken informasjon som er lagret p\u00e5 ditt firma, samt at informasjon om deg og ditt firma blir slettet<\/p>\n\n\n\n<p>Vi tar i bruk tredjepartsinformasjonskapsler fra andre firma. Dette gj\u00f8r vi for \u00e5 analysere statistikken og gj\u00f8re nettsidene mer brukervennlige.<\/p>\n\n\n\n<p>Live-chat og e-post innsending.<\/p>\n\n\n\n<p>All bruk av chat-funksjoner og e-post innsendinger vil bli registrert og behandlet for \u00e5 kunne svare p\u00e5 din henvendelse. Meldingene og informasjon som blir innsendt kan lagres over lengre tid om n\u00f8dvendig. Rettslig grunnlag for behandling av din personlige informasjon igjennom chat-funksjoner og e-post innsendinger er kun for v\u00e5r interesse i \u00e5 besvare meldinger og \u00e5 dokumentere samtalen.<\/p>\n\n\n\n<p>Markedsf\u00f8ring og nyhetsbrev.<\/p>\n\n\n\n<p>Hvis du kontakter oss via kontaktskjema eller bruker andre metoder hvor vi innhenter opplysninger som e-post adresser og lignende, kan vi bruke den innsamlede informasjonen for \u00e5 sende nyhetsbrev eller drive markedsf\u00f8ring. Alle utfylte deler av kontaktskjema vil kunne lagres og bli behandlet som personopplysning.<\/p>\n\n\n\n<p>Cookies og personlige opplysninger kan ogs\u00e5 brukes for personlig tilpasning av annonser.<\/p>\n\n\n\n<p>Nyhetsbrev- og markedsf\u00f8ringsgrunnlaget er et eksisterende kundeforhold eller innsending av personopplysninger, og at man ikke har reservert seg mot \u00e5 motta disse henvendelsene.<\/p>\n\n\n\n<p>Informasjonsh\u00e5ndtering<\/p>\n\n\n\n<p>Medialink Frank Sigurds\u00f8n bruker tredjepartsakt\u00f8rer for samling, oppbevaring og h\u00e5ndtering av informasjon. Disse akt\u00f8rene behandler data p\u00e5 v\u00e5r vegne i samsvar med deres egne metoder og v\u00e5re instruksjoner, og i samsvar med deres personvernlovgivning.<\/p>\n\n\n\n<p>Noen av v\u00e5re vanligste samarbeidspartnere og underleverand\u00f8rer:<\/p>\n\n\n\n<p>Google Inc.<\/p>\n","protected":false},"excerpt":{"rendered":"<p>Retningslinjer for personvern Vi har som m\u00e5l \u00e5 behandle personopplysninger med respekt og forsiktighet. For \u00e5 kunne tilpasse informasjon og oppf\u00f8lging individuelt, ber vi om firmanavn og\/eller annen kontaktinformasjon ved foresp\u00f8rsler via dette nettstedet. Personlig informasjon kan brukes for tilpasning av annonser der samtykke har blitt gitt. Cookies kan brukes for markedsf\u00f8ring, enten med eller &hellip; <\/p>\n<p class=\"link-more\"><a href=\"https:\/\/langsether-regnskap.no\/?page_id=65\" class=\"more-link\">Fortsett \u00e5 lese<span class=\"screen-reader-text\"> \u00abPersonvernerkl\u00e6ring\u00bb<\/span><\/a><\/p>\n","protected":false},"author":1,"featured_media":0,"parent":0,"menu_order":0,"comment_status":"closed","ping_status":"closed","template":"","meta":[],"_links":{"self":[{"href":"https:\/\/langsether-regnskap.no\/index.php?rest_route=\/wp\/v2\/pages\/65"}],"collection":[{"href":"https:\/\/langsether-regnskap.no\/index.php?rest_route=\/wp\/v2\/pages"}],"about":[{"href":"https:\/\/langsether-regnskap.no\/index.php?rest_route=\/wp\/v2\/types\/page"}],"author":[{"embeddable":true,"href":"https:\/\/langsether-regnskap.no\/index.php?rest_route=\/wp\/v2\/users\/1"}],"replies":[{"embeddable":true,"href":"https:\/\/langsether-regnskap.no\/index.php?rest_route=%2Fwp%2Fv2%2Fcomments&post=65"}],"version-history":[{"count":2,"href":"https:\/\/langsether-regnskap.no\/index.php?rest_route=\/wp\/v2\/pages\/65\/revisions"}],"predecessor-version":[{"id":70,"href":"https:\/\/langsether-regnskap.no\/index.php?rest_route=\/wp\/v2\/pages\/65\/revisions\/70"}],"wp:attachment":[{"href":"https:\/\/langsether-regnskap.no\/index.php?rest_route=%2Fwp%2Fv2%2Fmedia&parent=65"}],"curies":[{"name":"wp","href":"https:\/\/api.w.org\/{rel}","templated":true}]}}